the prime factors of w?
5
List the prime factors of 314/6 + 16/(-12).
3, 17
Let k(o) be the second derivative of o**4/12 - 2*o**3 + 5*o**2 - 4*o. What are the prime factors of k(12)?
2, 5
Suppose l + 2*l = 120. Suppose 5*m = 4*m + l. List the prime factors of m.
2, 5
Let c(z) = -z**2 - 10*z - 12. What are the prime factors of c(-8)?
2
Let x = -18 + 25. List the prime factors of x.
7
Let s = -11 + 21. Let u = 5 - -26. Suppose -s = 3*v - u. List the prime factors of v.
7
Let g(b) = b**3 - 6*b**2 + 2*b - 6. Let q be g(6). Let v = 0 + q. What are the prime factors of v*3*(-4)/(-6)?
2, 3
Let u = 0 - 0. Suppose 21*m = 19*m + 6. Suppose u*r + m = r. What are the prime factors of r?
3
Let n(l) be the first derivative of -l**2 - 15*l - 2. What are the prime factors of n(-14)?
13
Let v(k) = -18*k - 11. List the prime factors of v(-3).
43
Let r = 52 + -26. List the prime factors of r.
2, 13
Suppose -1 = 4*j + 3. Let i = 13 + j. What are the prime factors of i?
2, 3
Let c(w) = -5*w**3 - 4*w - 3. Let q(r) = 6*r**3 - r**2 + 4*r + 4. Let t(k) = -7*c(k) - 6*q(k). List the prime factors of t(6).
3, 7
Suppose 27 = 3*m - 0*m - 3*h, 0 = 5*m + 2*h - 52. Let u = 13 - m. What are the prime factors of u?
3
Let c = -43 + 60. List the prime factors of c.
17
Suppose -4*v = -12, 5*v - 7 = z + z. Suppose -z*g + g = 3*m - 18, 0 = -4*g + 3*m + 10. What are the prime factors of g/8 - 54/(-4)?
2, 7
Let l be (-18)/(-54) + (-2)/6. Suppose 3*s + 0 - 138 = l. What are the prime factors of s?
2, 23
Let f(m) = -10*m. Let g be 1 - (1 + -1)/(-3). Suppose -s + 0*s = g. What are the prime factors of f(s)?
2, 5
Suppose 4*z + g = z, -2*z - 2*g + 4 = 0. Let o(h) = -25*h**3 - 2*h - 1. What are the prime factors of o(z)?
2, 13
Let x(v) = v**2 - 4*v - 2. Let p be x(-3). Suppose -n + 0*n = -p. Suppose -n = 4*d - 83. What are the prime factors of d?
2
Suppose 4*d + 4*l - l - 164 = 0, 5*d - 216 = -l. List the prime factors of d.
2, 11
Let s = 186 - 33. What are the prime factors of s?
3, 17
Suppose -p = -u + 218, u - 2*p - 17 - 202 = 0. List the prime factors of u.
7, 31
Let u = 8 + -6. Suppose u*i + 0*i + 4 = 0. List the prime factors of -1 + i + 5 + 5.
7
Let g(b) = 5*b + 2. List the prime factors of g(6).
2
Let o be (-4)/6 + (-120)/(-18). Suppose a - o = -0*a. What are the prime factors of a?
2, 3
Suppose -21 = 3*n - 5*m, 0 = 2*n + 3*n - m + 13. List the prime factors of ((-28)/(-12))/(n/(-6)).
7
List the prime factors of (1326/(-85))/(1/(-5)).
2, 3, 13
What are the prime factors of (-9354)/(-45) + 10/75?
2, 13
Let w(m) = m**2 - 2*m - 7. Let r be w(7). Let p = r + -18. List the prime factors of p.
2, 5
Let l(j) = -j**3 + 9*j**2 - 5*j + 4. Let h be l(4). Suppose 2*i - h = 3*z + 2*z, -i + 5*z = -42. What are the prime factors of i?
2, 11
Suppose -3*z = -128 - 43. Let t = 80 - z. List the prime factors of t.
23
Let f be 22/6 + (-1)/(-3). Suppose 3*u + 31 = f*u. List the prime factors of u.
31
Let z be 3 + (-5 - 3) + 3. Let x be 4/3 + z/(-3). Suppose -12 = -5*g + 2*f, 3 = x*g - 3*g - 5*f. List the prime factors of g.
2
Suppose 3*z - 83 = 4*a, -5*a - 9 = 1. Let o = -10 + z. What are the prime factors of o?
3, 5
Let t(x) = -x + 4. Let g be t(4). Suppose -2*o + 4 = g, -3*o + 20 = 2*w - 7*o. What are the prime factors of w?
2, 7
Let r = 117 - 73. Suppose -5*j + 1 + r = 0. What are the prime factors of j?
3
Suppose 2*i - 3 = -2*h + i, 0 = i - 5. Let l be 4 + -3 - (-8 - h). What are the prime factors of (-2 + (-2 - -5))*l?
2
Let b = -2 - -13. Suppose -5*t = -9 - b. What are the prime factors of t?
2
Let p = -44 + 29. Let y = -7 - p. What are the prime factors of y?
2
Let u be 10/(-5) - (-8)/2. Suppose -2 = u*y - 8. Suppose 3 = -y*r + 18. List the prime factors of r.
5
What are the prime factors of 15/2*(-2)/(-3)?
5
Let l(r) = -r**2 - 2*r + 21. What are the prime factors of l(0)?
3, 7
Let d = -188 + 304. List the prime factors of d.
2, 29
Suppose 2*u = 2*g + 340, 3*u - 428 = -3*g + 112. List the prime factors of u.
5, 7
Suppose -4*y + 28 = -v, -2*y + y - 3*v = -7. Let w be 2/1 - 2 - 4. Let q = y - w. What are the prime factors of q?
11
Let t(x) = x**2 + x + 1. Let z(i) = 6*i**2 + 7*i + 4. Let h(v) = -5*t(v) + z(v). Let w be h(-3). What are the prime factors of (-1)/w*(-8 - -2)?
3
Let p = 5 - 2. List the prime factors of p.
3
Let w = -11 - -5. Let i(k) = -2*k - 3. List the prime factors of i(w).
3
What are the prime factors of (-582)/(-18) + (-1)/3?
2
Suppose 452 = 3*h - 2*y, 4*h = -h + 2*y + 756. What are the prime factors of h?
2, 19
Let k(i) = -i**2 + 6*i - 4. Suppose -5 = 2*a - 1, 0 = r + a - 1. What are the prime factors of k(r)?
5
Suppose 3*h - 92 = -h. List the prime factors of h.
23
Let v = 21 - 10. List the prime factors of v.
11
Let o = 3 - 1. Suppose -3*q + o*k - 6*k = -7, 0 = -2*q + 2*k. What are the prime factors of (-1)/(((-3)/18)/q)?
2, 3
Let l be 3 + (1 - 11 - -3). Let z(v) = -v**3 - 3*v**2 - v - 4. List the prime factors of z(l).
2
Suppose -s - 35 = -5*y, -2*s + 5 - 19 = -2*y. Let b(u) = 9*u - 2*u**2 - y - 2*u**2 + 3*u**2. List the prime factors of b(6).
11
Suppose -4*o = -4*g - 244, -o - 2*g + 25 = -45. List the prime factors of o.
2
Suppose -2*b + 162 = -v, b + b = -5*v + 138. What are the prime factors of b?
79
Let p be -1*(0/(-3) - -1). Let y(b) = -8*b**3 - 2*b - 2. What are the prime factors of y(p)?
2
Suppose 0 = 5*t + 2*y - 36 + 7, -5*t = 4*y - 33. What are the prime factors of t?
5
Let x(w) = w**3 + 2*w**2 - 4*w - 4. Let d be -1 + 0 - (3 - 1). Let a be x(d). What are the prime factors of ((-54)/30)/(a/5)?
3
Let p(o) = -o**3 - 7*o**2 - 5*o + 2. Let y be p(-6). Let t be y/2*(-1)/(-2). List the prime factors of 14*(t - (-6)/4).
7
Let d be 2/10 - (-20)/25. Let b = d + -10. Let y = 15 + b. What are the prime factors of y?
2, 3
Let y(g) = -2*g**3 - 2*g**2 + 3*g + 3. Let x be y(-2). Suppose -x*q + 26 = 4*w, -3*w - 2*w - 23 = -3*q. List the prime factors of q/(6/9 - 0).
3
Let o(a) = -a**2 - 14*a + 1. What are the prime factors of o(-6)?
7
Let v(w) = w**2 - 6*w. Let z be v(6). Suppose z = -4*q + 20, 0 + 5 = 5*l + q. Suppose 4*j - 13 - 31 = l. What are the prime factors of j?
11
Suppose 171 = 4*p - p. What are the prime factors of p?
3, 19
Let j(f) = f - 6. Let y be j(8). Suppose -2 = y*m + 4. Let h = 11 + m. What are the prime factors of h?
2
Let x(s) = 0*s**2 + 5 + 3*s**2 + 6*s - 2*s**2. Let k be x(-5). Suppose k = -4*p + 24. List the prime factors of p.
2, 3
Let w(h) = h**3 - 6*h**2 - h. Let f be w(-4). Let i = f - -238. Let c = i + -58. What are the prime factors of c?
2, 3
Suppose -11 + 67 = 4*v. Let l be (2 - (-2 - -1))*-1. What are the prime factors of l/1*v/(-6)?
7
Suppose -18*z + 285 = -15*z. List the prime factors of z.
5, 19
Suppose -35 - 19 = 2*s. Let f(q) = -q**3 - q**2 - 2*q + 4. Let u be f(3). Let r = s - u. List the prime factors of r.
11
Suppose -40 - 52 = -4*x. List the prime factors of x.
23
Suppose -a = 4*a + 90. Let b be 2/(-9) - 148/a. Let g = b + -4. List the prime factors of g.
2
Let p(b) = -b**2 + 5*b + 5. Let o be p(6). Let i(h) be the first derivative of 10*h**3/3 - h - 2. What are the prime factors of i(o)?
3
Suppose -x + 10 = 3*a + a, 2*x = 5*a - 19. List the prime factors of 122/6 - 1/a.
2, 5
Let h = -61 + 118. List the prime factors of h.
3, 19
Suppose -94 = -0*i - 2*i. Suppose 9 + i = 2*w. Let r = 44 - w. List the prime factors of r.
2
Let j(s) = s. Let f be j(4). Suppose -f*a + 0*a = 8. List the prime factors of a/(-3)*(-234)/(-12).
13
Suppose -17 = 2*y - 83. What are the prime factors of y?
3, 11
Suppose 3*x = -10 + 19. What are the prime factors of x/5 - 2088/(-45)?
47
Let k be 1 + 1 - 0/1. Suppose -4*y = 16, -g = -4*g - 4*y - 19. List the prime factors of 6/(g/k*-2).
2, 3
Let n(u) = 3*u. Let r(t) = -t + 1. Let m(y) = n(y) + 2*r(y). Suppose 4*i + 18 = 6*i. What are the prime factors of m(i)?
11
Let n(b) = -b**3 - b + 21. Let k be n(0). Suppose -k = -2*o - o. Suppose 0 = -0*a - a + o. List the prime factors of a.
7
Suppose g = 2*g - 4. Let m = 6 - g. Suppose m*h = 3*h - 2. What are the prime factors of h?
2
Let n(k) = k**2 - 2*k + 1. List the prime factors of n(-5).
2, 3
Suppose -14*d + 9*d + 1065 = 0. List the prime factors of d.
3, 71
Let i = -29 + 85. List the prime factors of i.
2, 7
Let x(q) = -3*q + 1. Suppose -3*s + 6 = -g - s, 4*s = 5*g + 18. 